r of 11 and 979?
11
Calculate the greatest common divisor of 147 and 21.
21
Calculate the greatest common factor of 84 and 736.
4
What is the greatest common factor of 7138 and 344?
86
What is the highest common divisor of 9342 and 108?
54
What is the highest common factor of 780 and 240?
60
What is the highest common factor of 8515 and 65?
65
What is the greatest common divisor of 9 and 3969?
9
What is the greatest common factor of 75 and 100?
25
What is the highest common factor of 5 and 505?
5
Calculate the greatest common factor of 109 and 1853.
109
Calculate the greatest common factor of 1045 and 2280.
95
Calculate the greatest common divisor of 477 and 9.
9
What is the highest common divisor of 14672 and 112?
112
Calculate the greatest common divisor of 10 and 30.
10
What is the greatest common divisor of 30 and 198?
6
Calculate the greatest common factor of 41340 and 36.
12
What is the greatest common factor of 425 and 51?
17
What is the greatest common divisor of 244 and 305?
61
Calculate the greatest common divisor of 169 and 26.
13
Calculate the highest common divisor of 119 and 204.
17
Calculate the greatest common factor of 253 and 92.
23
What is the greatest common divisor of 216 and 1032?
24
What is the highest common factor of 3381 and 245?
49
Calculate the greatest common factor of 126 and 288.
18
What is the highest common factor of 1173 and 17?
17
Calculate the greatest common divisor of 22 and 253.
11
What is the greatest common factor of 1258 and 68?
34
What is the highest common factor of 125 and 650?
25
What is the greatest common divisor of 32 and 40?
8
Calculate the greatest common factor of 427 and 671.
61
Calculate the greatest common divisor of 159 and 689.
53
What is the highest common divisor of 572 and 3289?
143
Calculate the greatest common factor of 18 and 54.
18
Calculate the highest common divisor of 104 and 40.
8
What is the greatest common divisor of 630 and 81?
9
What is the greatest common divisor of 92 and 160?
4
What is the greatest common factor of 1580 and 60?
20
What is the highest common factor of 817 and 19?
19
Calculate the highest common factor of 4290 and 99.
33
Calculate the greatest common divisor of 1852 and 8.
4
Calculate the greatest common divisor of 4025 and 525.
175
What is the highest common factor of 315 and 45?
45
Calculate the greatest common factor of 273 and 429.
39
Calculate the highest common factor of 2 and 18.
2
Calculate the highest common divisor of 5 and 905.
5
What is the greatest common factor of 255 and 357?
51
What is the greatest common factor of 28 and 35?
7
What is the greatest common divisor of 1785 and 105?
105
Calculate the greatest common factor of 408 and 32436.
204
Calculate the greatest common divisor of 351 and 221.
13
What is the greatest common divisor of 4 and 1093?
1
What is the highest common divisor of 1038 and 12?
6
Calculate the highest common factor of 39 and 1703.
13
Calculate the greatest common factor of 7202 and 26.
26
What is the greatest common factor of 35 and 1715?
35
Calculate the greatest common factor of 3895 and 133.
19
Calculate the greatest common divisor of 355 and 15.
5
What is the highest common factor of 14 and 350?
14
What is the greatest common divisor of 30 and 100?
10
What is the greatest common divisor of 210 and 70?
70
What is the greatest common factor of 176 and 308?
44
Calculate the highest common factor of 31 and 5549.
31
Calculate the greatest common divisor of 871 and 234.
13
Calculate the greatest common factor of 32 and 424.
8
Calculate the highest common divisor of 372 and 24.
12
Calculate the highest common factor of 250 and 2350.
50
Calculate the highest common divisor of 39 and 39.
39
What is the greatest common divisor of 266 and 112?
14
Calculate the greatest common factor of 5 and 3465.
5
Calculate the greatest common divisor of 42 and 2058.
42
Calculate the greatest common divisor of 8547 and 1001.
77
Calculate the greatest common factor of 855 and 120.
15
What is the greatest common factor of 5248 and 82?
82
What is the greatest common factor of 3243 and 47?
47
Calculate the greatest common divisor of 74 and 4.
2
Calculate the greatest common divisor of 528 and 924.
132
Calculate the greatest common divisor of 17 and 221.
17
Calculate the greatest common factor of 270 and 86.
2
Calculate the highest common factor of 138 and 78.
6
Calculate the greatest common divisor of 893 and 705.
47
What is the greatest common divisor of 64 and 1632?
32
Calculate the greatest common divisor of 62 and 1798.
62
What is the greatest common factor of 24867 and 614?
307
Calculate the highest common divisor of 18 and 918.
18
Calculate the highest common factor of 210 and 60.
30
What is the greatest common factor of 76 and 512?
4
Calculate the highest common factor of 54 and 99.
9
Calculate the highest common divisor of 198 and 90.
18
What is the greatest common divisor of 114 and 399?
57
What is the highest common divisor of 363 and 44?
11
What is the greatest common divisor of 1330 and 8930?
190
What is the greatest common divisor of 21 and 3087?
21
Calculate the greatest common factor of 225 and 27.
9
Calculate the greatest common divisor of 102 and 255.
51
Calculate the greatest common divisor of 4850 and 400.
50
Calculate the highest common divisor of 96 and 12.
12
Calculate the highest common divisor of 6517 and 266.
133
What is the highest common divisor of 29 and 8?
1
What is the greatest common divisor of 33 and 75?
3
What is the greatest common factor of 10721 and 71?
71
What is the greatest common divisor of 1215 and 180?
45
What is the highest common factor of 30 and 128?
2
What is the greatest common divisor of 52 and 650?
26
Calculate the greatest common divisor of 72 and 4572.
36
What is the greatest common factor of 111 and 19425?
111
What is the highest common factor of 31 and 1457?
31
Calculate the greatest common factor of 2720 and 85.
85
What is the highest common divisor of 2 and 4482?
2
Calculate the highest common divisor of 46 and 46.
46
Calculate the highest common divisor of 25 and 425.
25
Calculate the highest common factor of 20 and 8.
4
What is the highest common factor of 142 and 4?
2
What is the greatest common factor of 154 and 451?
11
Calculate the greatest common factor of 768 and 348.
12
Calculate the greatest common factor of 10 and 13665.
5
Calculate the highest common factor of 754 and 52.
26
What is the highest common factor of 64 and 16?
16
Calculate the greatest common factor of 10 and 410.
10
What is the highest common factor of 748 and 2822?
34
What is the greatest common divisor of 453 and 3?
3
Calculate the greatest common factor of 17 and 46495.
17
Calculate the greatest common divisor of 140 and 80.
20
What is the greatest common factor of 90 and 7110?
90
What is the highest common factor of 9410 and 50?
10
What is the greatest common divisor of 72 and 824?
8
What is the highest common divisor of 135 and 15?
15
Calculate the greatest common factor of 189 and 51.
3
What is the greatest common factor of 280 and 224?
56
Calculate the greatest common divisor of 129 and 5934.
129
Calculate the greatest common factor of 93 and 124.
31
What is the highest common factor of 150 and 20?
10
Calculate the highest common divisor of 837 and 31.
31
What is the highest common divisor of 328 and 32?
8
What is the greatest common divisor of 183 and 305?
61
What is the highest common divisor of 11024 and 208?
208
What is the greatest common factor of 39 and 26?
13
Calculate the highest common divisor of 341 and 248.
31
What is the highest common factor of 117 and 135?
9
Calculate the highest common divisor of 60 and 12.
12
What is the greatest common divisor of 39 and 13?
13
What is the highest common factor of 481 and 13?
13
Calculate the greatest common divisor of 2573 and 498.
83
Calculate the highest common factor of 6477 and 254.
127
What is the highest common divisor of 1496 and 952?
136
Calculate the greatest common factor of 1403 and 115.
23
What is the highest common divisor of 19 and 1615?
19
What is the highest common divisor of 18 and 405?
9
What is the greatest common divisor of 84 and 21?
21
What is the greatest common divisor of 34 and 356?
2
Calculate the highest common divisor of 403